ose -15 = -3*t, 3*f - 30 = -f - 2*t. Suppose 0 - 8 = -2*u. Suppose -2*k - 29 + f = -u*n, 13 = 3*n - 4*k. What is the units digit of n?
7
Let k(x) = x**3 + 4*x**2 - x + 2. Let z(m) = -m**3 - 4*m**2 - 1. Let t(q) = -2*k(q) - 3*z(q). What is the units digit of t(-2)?
3
Let i = 7 - -2. What is the units digit of i?
9
Suppose 5*y = -5*r, -4*r + 9*y = 4*y - 36. Let p(o) = -1 - 6*o**3 - 2*o + r*o - 4*o. What is the units digit of p(-1)?
7
Let m(b) = -b**3 - 6*b**2 - 4*b + 5. Let i be m(-5). Suppose 0 = -i*h - 2*h + 4. What is the units digit of 0/h + 0 + 1?
1
Suppose -4*n + 76 = 4*s, 5*n - 14 = -s + 77. Let r = -2 + n. What is the tens digit of r?
1
Let n be 8 + (-2 + 1)*0. Suppose n + 27 = -5*b. Let a = 5 - b. What is the units digit of a?
2
Suppose 4*s - 5*s + 1 = 0. Let r(h) = -1 + 4 + 0*h + 2*h - 2. What is the units digit of r(s)?
3
What is the tens digit of (-3)/12 - (-181)/4?
4
Suppose -5*h + 155 = 3*x, -5*h - 5 = 5. What is the tens digit of x?
5
Suppose 5*i - 3*h = 55, 0 = -5*i - 4*h + 34 + 21. Let l be (-3)/(-9) - i/(-3). Suppose -4*k - 2*g + 3 + 7 = 0, 0 = l*k - 3*g - 15. What is the units digit of k?
3
Let q = 8 - -2. Suppose -q = -4*j + 2. Suppose 14 = 3*d - 2*s, d + 5*s = j*s + 2. What is the units digit of d?
4
Let x = 36 - 19. Suppose r + 5*s = x + 5, -88 = -4*r - 5*s. What is the tens digit of r?
2
Suppose 0 = 2*a + d - 41, -5*a + 28 = -4*a + 3*d. Let c = a - -3. What is the tens digit of c?
2
Let q(o) = -6*o + 34. What is the tens digit of q(0)?
3
Let x be (8/5)/(5/25). Let l = 8 - x. Suppose l*q = -2*q + 28. What is the tens digit of q?
1
Let d(b) = 4*b + 217. What is the hundreds digit of d(0)?
2
Suppose -s + 5 = 4*s. Let a(m) = -5*m**3 + 2*m + 1. Let i(f) = 10*f**3 - 3*f - 2. Let u(r) = 7*a(r) + 4*i(r). What is the units digit of u(s)?
6
Let n(f) = f**3 + 9*f**2 + 6*f - 7. Let v be n(-5). What is the units digit of 18/v - (-173)/7?
5
Suppose 20 = -5*g - 15. Let w = g - -31. What is the units digit of w?
4
What is the units digit of 150*3*4/24?
5
Let a(j) = 3*j + 1. Let y be a(4). Suppose -2*x = -37 - y. Let z = -17 + x. What is the units digit of z?
8
Let y be ((-54)/15)/(1/(-5)). Let a = -12 + y. What is the units digit of a?
6
Let h = 52 + 0. What is the tens digit of h?
5
Let u(h) be the second derivative of -h**3/6 + 7*h**2 - 4*h. What is the units digit of u(13)?
1
Suppose -2*o + 9 = y - 3, -12 = 2*y - 5*o. Let i = -3 - -4. Suppose y - i = m. What is the units digit of m?
3
Let r = 29 + -29. Suppose -5*w + 3*q + 84 = r, 0 = -w + 5*w - 3*q - 66. What is the tens digit of w?
1
Suppose 0 = -v - 1 - 3, -5*v = -5*f + 1035. What is the units digit of f?
3
Suppose -3*j + 30 = -0*j. Let g be 1/((-3)/(-45)*3). Suppose -c = -2*q + j, g*c - 6 = 2*q - 0*c. What is the units digit of q?
7
Let n(s) = 6*s**2 - s. Let f be n(1). Suppose 0 = f*i, -4*r = 3*i - 32 - 36. What is the tens digit of r?
1
Let q(s) = s**3 + 14*s - 4*s**3 + 2*s**3 + 11 + 8 + 12*s**2. What is the units digit of q(13)?
2
What is the units digit of (44 - -5) + (-1 - 3)?
5
What is the units digit of (8/(-6))/(26/(-351))?
8
Suppose -2*y + 5*s = -287, -s + 3*s = -4*y + 514. Suppose 3*g = -4*m - 0*g + y, -5 = -5*g. What is the tens digit of m?
3
Suppose 0 = -m - 5*t + 10, 2*m - 6 = -5*t + 2*t. Let l(x) = x**2 - x + 7. Let v be l(m). Let y(b) = -b**2 + 9*b - 8. What is the units digit of y(v)?
6
Suppose -3*a - 2*a = 0. Suppose 3*m + 0*m - 2*l = 19, -3*l - 15 = a. What is the units digit of m?
3
Suppose 3*b - 65 - 97 = -4*s, -5*s + 108 = 2*b. What is the units digit of b?
4
Suppose 3*g = 4*d - 2*g + 20, 5*g - 20 = 3*d. Suppose a = -d*a + 10. What is the tens digit of a?
1
Let a = 31 + 7. What is the tens digit of a?
3
Let v be -4 - (-3 - -2) - 1. Let m = 4 - v. What is the units digit of m?
8
Let u(r) = -5*r**2 + r + 4. Let j be u(-3). What is the units digit of -36*(j/8 + 4)?
4
Suppose -5*v + v + 5*m + 403 = 0, 0 = 4*v - m - 391. What is the units digit of v?
7
Let w(m) = m**3 + 7*m**2 + 7*m + 8. Let l be w(-6). What is the units digit of (1 - 1) + (l - -24)?
6
Let p = -12 - -17. Suppose p*z + 2 = 6*z. What is the units digit of z?
2
Let b be 1*-6 - 0/(-1). What is the units digit of (b/9)/((-3)/63)?
4
Suppose 4*x = 3*p - 5, -5*x + 3*p = 6 - 2. Suppose 3 = j - x. What is the units digit of j?
4
Suppose 14*p = 7*p + 840. What is the units digit of p?
0
Let p(u) = -3*u + 10. What is the tens digit of p(-7)?
3
Let g be 3 - 6 - 5/(-1). Suppose g*y - 4*w = -2*y + 104, 2*y = -5*w + 80. What is the units digit of y?
0
Let l(g) = -4*g**3 + g**3 - 2*g + 4*g**3 + 6*g**2. Let j be l(-6). What is the units digit of (-3)/j - (-123)/12?
0
Let c(z) = 2*z**3 - 6*z**2 + 6*z - 4. What is the tens digit of c(4)?
5
Let o(s) = 5*s**2 + 1. What is the units digit of o(3)?
6
Suppose 5*w = 4*l - 77, -3*w - 95 = -4*l - 4*w. Suppose z = -4*a + 31 - 0, -3*z + l = -2*a. What is the units digit of z?
1
Suppose 0*z + z + 2*y = 46, 4*y - 176 = -4*z. Suppose -5*w = -2*h - z, 0*w - h = 5*w - 39. What is the units digit of w?
8
Suppose 420 = z + 3*z. What is the hundreds digit of z?
1
Let i(a) = 45*a**2 - a + 1. What is the tens digit of i(1)?
4
Suppose 0 = -5*p + 7*p - 34. Let j = p + -5. What is the units digit of j?
2
Suppose 5*o - 196 = -2*t + 4*o, 5*t - 501 = 3*o. What is the units digit of t?
9
Suppose 3*l + 2*c - 13 = 2*l, -4*l - 5*c + 55 = 0. Suppose 4*u = i - 2*i + l, 5*u + 11 = 3*i. Let g = 8 - i. What is the units digit of g?
1
Suppose -4*d + 6*d = 5*u + 40, -d + u = -26. Let o be ((-12)/d)/((-2)/10). Suppose o*i = -2*h + 7*i + 15, -2*h + 42 = 4*i. What is the tens digit of h?
1
Let n be (-1 - -2)*8*-1. Let l be n*((-3)/(-6) - 1). Suppose -3*d + 52 + 5 = 4*w, -4*w = -l*d - 64. What is the units digit of w?
5
Let g = 5 + -6. What is the units digit of g/2*(-14 - 4)?
9
Let a be (-3)/(7 + 2)*-21. Suppose -2*t + a = -3. Suppose t - 23 = -3*o. What is the units digit of o?
6
Let g(p) = -27*p - 71. What is the hundreds digit of g(-13)?
2
Suppose 0 = -2*v + 3*v. Suppose 0 = 4*c - 3*h - 65, -3*c + 3*h + 57 - 6 = v. What is the units digit of c?
4
Let t(u) be the third derivative of -u**4/6 - 3*u**2. Let f be t(-3). Suppose 3*o = o + f. What is the units digit of o?
6
Let y(l) = -8*l - 1. Let f = 0 + -1. What is the units digit of y(f)?
7
Suppose -5*l + 15 = -10. Suppose 8 = l*j - 2. What is the units digit of j?
2
Suppose -20 = -2*q + 12. Suppose -2*m + m = -3. Suppose m*k = -k + q. What is the units digit of k?
4
Let b be 1*(1 + (-1 - 0)). Suppose b*f = -2*f + 14. What is the units digit of f?
7
What is the units digit of -3*(-16)/12 + -2?
2
Let t be (155/20)/(2/16). Let n = t + -29. What is the tens digit of n?
3
Suppose -3*r + 4*r = 1. Let t(i) be the second derivative of 4*i**3/3 - i**2/2 + i. What is the units digit of t(r)?
7
Let v(q) = -q**2 - 12*q - 7. What is the units digit of v(-6)?
9
Let s = -9 - -12. Suppose w + s*p - 33 = -3*w, -4*w = -4*p - 40. What is the units digit of w?
9
Suppose 2*x - 16 = 6. Suppose 0 = c + 6 - x. What is the units digit of c?
5
Let y = -9 + 2. Let r(d) be the second derivative of d**3/6 + 11*d**2/2 + d. What is the units digit of r(y)?
4
Let i = 82 - -74. What is the hundreds digit of i?
1
Suppose v = 3*m - 6, 3*v = 3*m - 8*m + 10. What is the units digit of 245/77 + m/(-11)?
3
Let m = -9 + 9. Suppose 2*w + 2*w - 12 = m. Suppose -w*a = 0, -r = -6*r + 2*a + 95. What is the units digit of r?
9
Suppose 4*j - 546 = -6. What is the units digit of j?
5
Suppose -4 = -0*g + g. What is the units digit of (-99)/(-15) + g/(-10)?
7
Let j(h) = -3 + 2 - 4*h + 3*h + 0. Let n be j(-4). Suppose 2*b + 2*d - 3 = b, 4*b - 12 = -n*d. What is the units digit of b?
3
Suppose 2*l - 5 = l. Suppose r = -2*r + 12, -3*k + l*r + 55 = 0. What is the units digit of k?
5
Let f be 3 - (0 - 3 - 12). What is the units digit of (-254)/(-9) + (-4)/f?
8
Let m = -83 + 134. What is the units digit of m?
1
Let x = -15 + 11. Let d = 6 + x. What is the units digit of d?
2
Suppose -2*s + 6 = 0, s = -w - 3*s + 18. What is the units digit of w?
6
What is the tens digit of (1 + 1)/12 - (-15457)/174?
8
Let f(o) = -o**2 - 2*o + 2. Let y be f(-4). Let u = 7 + y. What is the units digit of ((-12)/8)/(u/(-2))?
3
Suppose -4*x = -90 + 34. Suppose 5*a - x - 1 = 0. What is the units digit of a?
3
Suppose 6*x - 102 = 